 11425.
457
What is the greatest common factor of 497736 and 837?
279
What is the highest common divisor of 28380 and 27004?
172
What is the greatest common factor of 23863 and 49?
49
Calculate the greatest common factor of 21652 and 8.
4
What is the greatest common factor of 10176 and 1024?
64
What is the greatest common factor of 42669 and 396?
99
Calculate the greatest common factor of 34958 and 3632.
454
What is the highest common divisor of 225 and 972?
9
Calculate the highest common divisor of 675 and 6525.
225
Calculate the greatest common factor of 138993 and 232521.
1299
What is the highest common divisor of 2264 and 344?
8
Calculate the highest common divisor of 72 and 515682.
18
Calculate the highest common divisor of 1769 and 8770702.
1769
Calculate the highest common divisor of 19007 and 229.
229
What is the greatest common factor of 68 and 141508?
68
What is the highest common factor of 630 and 770?
70
Calculate the greatest common divisor of 41225 and 68.
17
Calculate the greatest common divisor of 10183 and 17.
17
What is the highest common factor of 2603781 and 9?
9
What is the highest common factor of 66 and 107283?
33
Calculate the greatest common factor of 650 and 68978.
26
What is the highest common divisor of 4382 and 373409?
313
What is the greatest common divisor of 33 and 736032?
33
Calculate the greatest common factor of 6290 and 178670.
170
Calculate the greatest common divisor of 12 and 210924.
12
What is the highest common divisor of 1530940 and 205?
205
What is the greatest common divisor of 250 and 202375?
125
Calculate the greatest common factor of 34029 and 3306.
57
Calculate the greatest common divisor of 1596815 and 605.
55
What is the greatest common factor of 912 and 276564?
228
Calculate the greatest common divisor of 29596 and 980.
196
What is the highest common divisor of 2717 and 507?
13
What is the highest common divisor of 16507 and 51?
17
What is the highest common factor of 289 and 1076236?
289
What is the greatest common factor of 331550 and 22325?
475
Calculate the greatest common divisor of 369 and 18327.
123
Calculate the highest common divisor of 1254 and 2376.
66
What is the highest common factor of 144 and 3573168?
48
Calculate the highest common divisor of 96075 and 725.
25
What is the greatest common factor of 1332749 and 374?
187
Calculate the highest common divisor of 80 and 1008.
16
What is the highest common divisor of 48 and 4392?
24
What is the highest common divisor of 170136 and 816?
408
Calculate the highest common factor of 552416 and 80.
16
What is the greatest common divisor of 1080 and 19308?
12
Calculate the greatest common divisor of 156 and 4699344.
156
Calculate the highest common factor of 520550 and 9860.
290
Calculate the greatest common factor of 330647 and 71.
71
What is the highest common divisor of 368409 and 666?
111
What is the highest common factor of 34034 and 10132?
34
What is the highest common divisor of 3377271 and 51?
51
What is the highest common factor of 40 and 16080?
40
Calculate the greatest common factor of 1771 and 209.
11
What is the greatest common factor of 80 and 10688?
16
Calculate the greatest common factor of 410 and 6831010.
410
Calculate the greatest common divisor of 984546 and 5976.
1494
What is the greatest common factor of 24 and 79656?
24
Calculate the highest common factor of 1675044 and 12.
12
Calculate the highest common factor of 456011 and 2832.
59
Calculate the greatest common factor of 35787 and 3624.
453
Calculate the greatest common factor of 21 and 1104.
3
What is the greatest common factor of 213683 and 113?
113
Calculate the greatest common factor of 1854 and 31986.
18
Calculate the greatest common factor of 33 and 1674321.
33
Calculate the greatest common divisor of 227805 and 45.
15
Calculate the highest common factor of 2028720 and 237.
237
Calculate the highest common divisor of 1903 and 489763.
173
What is the greatest common divisor of 888327 and 297?
297
Calculate the greatest common factor of 1241 and 5037.
73
Calculate the highest common divisor of 12 and 561624.
12
What is the highest common factor of 234708 and 84?
12
What is the highest common factor of 25204 and 4?
4
What is the greatest common divisor of 56 and 25805472?
56
Calculate the highest common divisor of 46265 and 380.
95
Calculate the highest common factor of 25524 and 6516.
36
What is the greatest common divisor of 15020 and 14140?
20
What is the greatest common divisor of 1930 and 130?
10
Calculate the highest common factor of 123565 and 65.
65
Calculate the greatest common divisor of 169 and 49699.
13
Calculate the greatest common divisor of 64548 and 558.
18
Calculate the greatest common divisor of 31 and 371039.
31
Calculate the highest common divisor of 2352 and 6937616.
784
What is the greatest common factor of 805 and 5537?
7
Calculate the highest common factor of 567 and 316791.
81
Calculate the highest common factor of 628796 and 476.
476
Calculate the highest common factor of 148526 and 14.
14
Calculate the highest common factor of 494 and 213161.
247
What is the highest common divisor of 152174 and 66?
22
What is the highest common divisor of 45375 and 225?
75
What is the highest common divisor of 267573 and 474?
237
What is the greatest common factor of 2521 and 877?
1
Calculate the highest common factor of 2728 and 242.
22
What is the highest common divisor of 36 and 203436?
36
What is the greatest common factor of 276255 and 189?
63
What is the highest common factor of 48768 and 1920?
384
Calculate the highest common factor of 121 and 7777.
11
What is the highest common divisor of 810900 and 3900?
300
What is the greatest common factor of 6790 and 100?
10
What is the highest common factor of 2986042 and 158?
158
What is the greatest common factor of 473 and 55169?
43
What is the highest common divisor of 24330 and 90?
30
What is the highest common factor of 957 and 82940?
319
Calculate the greatest common factor of 8040 and 256.
8
What is the greatest common divisor of 52101 and 42?
21
What is the greatest common divisor of 20 and 70552?
4
What is the greatest common factor of 61372 and 268?
268
What is the highest common factor of 2905 and 18592?
581
What is the greatest common factor of 463859 and 99?
11
Calculate the highest common factor of 3035050 and 2020.
1010
Calculate the greatest common factor of 11770 and 324210.
1070
Calculate the greatest common factor of 165792 and 1272.
24
What is the highest common factor of 762 and 9426?
6
Calculate the greatest common factor of 185 and 19573.
37
What is the highest common divisor of 4860 and 10392?
12
What is the greatest common factor of 152 and 43567?
19
Calculate the highest common factor of 36285 and 2255.
205
What is the highest common divisor of 7980 and 5460?
420
Calculate the greatest common factor of 1736 and 1512.
56
What is the greatest common divisor of 16 and 624?
16
Calculate the highest common factor of 618 and 23381.
103
Calculate the greatest common factor of 28 and 38444.
28
Calculate the highest common divisor of 607605 and 45.
15
Calculate the highest common divisor of 408 and 18456.
24
Calculate the highest common factor of 155714 and 530.
106
What is the highest common divisor of 6525 and 15525?
225
What is the highest common divisor of 20 and 20745?
5
What is the highest common factor of 9223 and 41929?
23
What is the highest common factor of 184253 and 368?
23
What is the greatest common factor of 98071 and 1717?
101
Calculate the highest common divisor of 32574 and 92649.
267
What is the greatest common factor of 350648 and 212?
212
Calculate the greatest common factor of 680 and 7520.
40
What is the greatest common factor of 1100 and 3007675?
275
What is the highest common factor of 22900 and 145415?
1145
Calculate the greatest common divisor of 89992 and 2072.
56
Calculate the greatest common divisor of 800 and 40048.
16
Calculate the highest common factor of 3102757 and 19.
19
Calculate the highest common factor of 12 and 1335252.
12
What is the greatest common factor of 8411 and 175984?
647
Calculate the greatest common divisor of 42 and 12579.
21
What is the highest common factor of 378 and 434700?
378
Calculate the greatest common factor of 444 and 72